0. Suppose -4*a + 34 = j. Suppose -5*q + q = -5*l + a, 5*q = -4*l + 31. What is the units digit of q?
3
Let c = 1 + 1. Suppose 11 = 2*j - c*d - 11, -4*d = 4*j - 4. What is the units digit of 38/j + 6/9?
7
Let k(q) = q + 3. Let h be k(0). Suppose p + h*p = 260. Suppose -4*l - l + p = 0. What is the tens digit of l?
1
Let z(n) = 6*n**2 - 4*n + 8. Let l(k) = k**3 - k**2 - k. Let b(x) = l(x) - z(x). Let q(f) = -f**3 + 7. Let o be q(0). What is the tens digit of b(o)?
1
Suppose -11*a + 35 = -10*a. Let j = a + -10. What is the tens digit of j?
2
Suppose -4*h + 36 = -h. Let g = 0 - -3. Let i = h - g. What is the units digit of i?
9
Let f = -47 - -182. What is the tens digit of f?
3
Suppose -5*z = y - 6*y - 240, y - 2*z + 48 = 0. Let d = y - -72. What is the units digit of -2*4/(d/(-27))?
9
Let c = 339 - 169. What is the tens digit of c?
7
Suppose -2*z = -0*z - 4. Suppose 0*g - z = -g. What is the units digit of g?
2
Suppose 0*i = 5*w + 2*i - 395, 0 = -3*i. Suppose 3*p - w = -p - u, -5*u = 4*p - 75. What is the tens digit of p?
2
Let l be 4/(-10) + (-22)/(-55). Suppose l = -z + 3 + 35. What is the units digit of z?
8
What is the units digit of 27/(-63) - 1238/(-14)?
8
Let h = -60 + 104. What is the units digit of h?
4
Let v = 406 + -236. What is the hundreds digit of v?
1
Let v = -14 + 9. What is the units digit of (2/5)/(v/(-325))?
6
What is the units digit of 2/(-5) - 861/(-15)?
7
Let v be (-5)/(-1*2/4). Suppose a - 45 + v = 0. What is the units digit of a?
5
Suppose -3*s = -s. Suppose s = -5*y - 5*a + 245, -7*y + 245 = -2*y - 2*a. What is the units digit of y?
9
Suppose 0 = 2*c + 3 - 13. Let y(t) = t - c*t + t. What is the units digit of y(-2)?
6
Let h(b) = b**2 + 16*b + 17. What is the units digit of h(-15)?
2
Let q = -17 + 116. What is the tens digit of q?
9
What is the tens digit of -2 - -6 - (-36)/1?
4
Let f(l) = 18*l + 3. What is the hundreds digit of f(6)?
1
Let y = 1 + 3. Suppose y*i - 4*f - 17 = -45, -24 = 4*i - 3*f. Let p = i - -7. What is the units digit of p?
4
Suppose 5*r + 3*h - 28 = 0, 3*r = 2*r + 5*h. Suppose -5*f = -w + r, -2*f + 5*f - 20 = -4*w. What is the units digit of w?
5
Let k be 1/(-4) - 68/(-16). What is the units digit of (2 + (-1 - k))*-2?
6
Suppose -3*o + s + 7 = 0, -o + 0*s + s = 1. Suppose i = -2*n - 72, o*n = -n - 15. What is the units digit of ((-2)/4)/(3/i)?
1
Suppose -4 = 2*j - 0*g + 3*g, 2*g + 16 = 2*j. Let b be (-1 + -4)*j/(-4). Suppose p = 3 + b. What is the units digit of p?
8
Let q(s) = -s**2 - 8*s - 4. Let g(b) = b**3 - b**2 + b + 2. Let l be g(0). Suppose 8 = -l*j - 2*j, -4*h - 10 = -5*j. What is the tens digit of q(h)?
1
Let r(a) = a**3 - 1. Let g(s) = -5*s**3 - 7*s**2 - s + 11. Let y(t) = g(t) + 4*r(t). What is the units digit of y(-7)?
4
Suppose 45 + 77 = 2*v. What is the tens digit of v?
6
Let b be 6/27 - 2/9. Suppose b = -4*l + 2*l + 64. What is the units digit of l?
2
Let h(d) = 2*d + 4 - 3*d - 4*d + d**2. Let c be h(7). Suppose 3*p - 22 = 5*k, 2*k = 5*p - 6 - c. What is the units digit of p?
4
Suppose 0 = 4*f + 2*k - 18, -2*k = -5*f + 3*f. Suppose -115 + 16 = -f*h. What is the units digit of h?
3
Let w(n) = 46*n**2 - 6*n + 2. What is the units digit of w(1)?
2
Let b(u) = 3*u - 5. Let d be b(4). What is the tens digit of (6/d)/((-1)/(-14))?
1
Let g(t) = 3*t**3 - 4*t**2 + 4*t - 7. What is the tens digit of g(3)?
5
Let x(s) = -s**3 + 7*s**2 - s + 9. Let u be (-36)/(-5) + 1/(-5). What is the units digit of x(u)?
2
Let z = 386 - 81. What is the tens digit of z?
0
Let x(u) = 1 - 3*u - u - 1. Let c be x(2). Let a = c + 11. What is the units digit of a?
3
Let t = 134 + 48. What is the hundreds digit of t?
1
What is the tens digit of ((-10)/(-15))/((-4)/(-78))?
1
Let b(k) = k - 3. Suppose -4*i + 11 = -9. Let g be b(i). Let w(a) = a**3 - a**2 + 2*a - 2. What is the units digit of w(g)?
6
What is the units digit of 1219/4 - (-13)/52?
5
Let t be 1 + 31 + (-3 - -1). Let b = -17 + t. Suppose 2*v = g + b, -5*g + 49 - 2 = 4*v. What is the units digit of v?
8
Let x(r) = r - 3. Let v be x(3). Let q be 2*((v - -1) + 10). Suppose 0 = 3*t - t - q. What is the units digit of t?
1
Suppose 4*s + 32 = 8*s. What is the units digit of 74/s - 8/32?
9
Suppose 3*z + 5*u - 12 = 0, -4*z = -3*u + 8 + 5. Let g = -2 - z. What is the units digit of 4 - -1 - (-1)/g?
4
Let u(a) = a**3 - 5*a**2 - 10*a + 3. What is the hundreds digit of u(9)?
2
Let d = -571 - -847. What is the units digit of d?
6
Let t = -19 + 32. Let v = t - 8. What is the units digit of v?
5
Let y = -66 - -105. What is the tens digit of y?
3
Let q(l) = 7*l + 2. Let b be q(2). Let f = -15 + b. What is the units digit of f?
1
Suppose 0 = 2*v - 3*t + 7*t - 20, 5*t + 25 = 0. What is the units digit of v?
0
Suppose 3*z - 2*t + 32 = 0, 3*t - 15 + 2 = z. Let n be (z/(-4))/((-3)/6). What is the units digit of n*(-1*2 + 1)?
5
Suppose -3*w - w + 36 = 4*g, -3*g = -3*w + 9. What is the tens digit of 356/18 + w/27?
2
Let o(p) = -p**3 - 8*p**2 + 4. Let b be o(-8). Suppose -b*f + 5 = -35. What is the tens digit of f?
1
Suppose -5*g + 15 = -5. Suppose -4*k - 3*r = -8, 0*k + r = -2*k + g. Suppose 4*t - k*t = 16. What is the units digit of t?
8
Suppose 192 = l + 5*y - 2*y, 2*l = 5*y + 439. What is the tens digit of l?
0
Let t(a) = 19*a**2 + 2*a - 1. Let k = 5 + -13. Let j = k + 9. What is the tens digit of t(j)?
2
Let s = 0 - 1. What is the units digit of -2*((-1 - s) + -1)?
2
Let t = -29 - -70. What is the units digit of t?
1
Let d(p) = -p**2 - 8*p - 2. Let n be d(-7). Let l = 2 - 2. Suppose n*h = -l*h + 10. What is the units digit of h?
2
Suppose 0 = -3*m - 12, c + 2*m + 9 = 41. What is the units digit of c?
0
Let h(p) = -8*p + 3. Let i(q) = q. Let r(w) = -h(w) - 6*i(w). What is the units digit of r(7)?
1
Suppose 0*y = 3*o - 2*y + 78, -108 = 5*o + 4*y. Let u = o + 49. Suppose v - c - 2 = 0, v = -v - 5*c + u. What is the units digit of v?
5
Let c(q) = 0 - 10 - 7*q + 15*q + 8*q - q**2. Let b be c(8). Suppose -4*f = -b + 6. What is the units digit of f?
2
Let d = -22 + 22. Suppose 6*z - 4*z = 0. Suppose z = -3*q - d*q + 39. What is the units digit of q?
3
Suppose 5*w + 2*p + 8 - 35 = 0, -w + 2 = -3*p. Suppose -11 = -4*c + w. What is the units digit of c?
4
Suppose 4*g + 22 = p, -2*p + 5*g = p - 59. What is the units digit of p?
8
Let a = 8 - 7. What is the units digit of a/1 + -7 + 14?
8
Let u = -58 + 178. What is the tens digit of u?
2
Suppose 5*o + j = -3, -o + 15 = -0*o - 5*j. Suppose o = 5*k - 116 - 24. What is the units digit of k?
8
Suppose 5*p - r = -0*p + 436, -248 = -3*p + 4*r. What is the tens digit of p?
8
Let v = -9 - -14. Let p = 11 - v. What is the units digit of p?
6
Let y be (-115)/20 - 1/4. Let o(q) = -2*q - 1. What is the units digit of o(y)?
1
Suppose 5*f = 2*f, -5*c - 2*f = 20. Let v(h) = h**3 + 5*h**2 - 3*h - 4. Let t be v(c). Let i = t + -15. What is the units digit of i?
9
What is the tens digit of -1 - 8/(-5)*(-6 - -176)?
7
Suppose -t - 4*g = 2 - 0, -5*t + 4*g + 14 = 0. Let o = t - 2. Suppose 0 = p - 4*p + 9, o = -3*i + 5*p + 12. What is the units digit of i?
9
Suppose 0 = 4*w - 5 - 11. Suppose -3*q - 1 = -l + 2, -3*q = w*l - 57. Suppose -3*z + 0 = -l. What is the units digit of z?
4
Suppose -p + 4*p - 3*k = 9, 9 = -5*p - 3*k. Suppose 2*x - x - 51 = p. What is the units digit of x?
1
Let h(m) be the first derivative of m**3/3 + 3*m**2 - 4*m + 4. What is the tens digit of h(-8)?
1
Let p(d) = -5*d. Let m be p(-1). Let j = 13 - m. What is the units digit of j?
8
Suppose -2*k = -4*k. Suppose -d + 4 = 3, 5*o + d - 26 = k. What is the units digit of o?
5
Suppose 2*b - 2*r = 204, 2*r - 286 = -3*b - 0*r. What is the units digit of b?
8
Let j(i) = -1 + 0*i + 3*i - 4*i. Let k = 5 - 9. What is the units digit of j(k)?
3
Let i = 305 + -134. What is the units digit of i?
1
Let j(h) = h + 2. Let c be j(-5). What is the units digit of (c/((-9)/(-15)))/(-1)?
5
Suppose -5*l + 2*p + 5 = 0, -2*l = 3*p + 4 - 6. What is the tens digit of 2/l - 4*-5?
2
Let r(p) = -p**2 - 5*p + 8. Let v be (-4 - 2)*(0 - -1). Let q be r(v). What is the units digit of q/5 - (-76)/10?
8
Let h(m) = -m**3 + 6*m**2 + 8*m - 7. Let q be h(7). Let v = q + 2. What is the units digit of 1 - (-3 + (v - 0))?
2
Let h(z) = -z + 46. What is the units digit of h(14)?
2
Let p(b) = -b**2 + 9*b - 7. What is the units dig